e the prime factors of d?
2, 73
Let o = -8 + 7. List the prime factors of 6 + (-3 - (o + -1)).
5
Let u(f) = 6*f - 3. Suppose -6*b + b = 2*w - 9, -w + 4 = 2*b. Suppose -l + 0 = -w. What are the prime factors of u(l)?
3
Suppose 4*h + 14 = -r, -2*h = 2*h + 16. Suppose -4*k + 40 = 4*q, -16 = -r*k - 5*q + 2*q. What are the prime factors of k?
2, 7
Let o(d) = -d**3 - d**2 + 10. Let l(r) = -r**2. Let h be l(0). Let c be o(h). What are the prime factors of (2 + c)*1/3?
2
Let x = -64 - -10. Let a = 37 + x. List the prime factors of (a - -2)*(-2)/3.
2, 5
Let j be 1*(-2 + 1)*3. What are the prime factors of -12*j/(-6)*-3?
2, 3
Let g(n) be the second derivative of -1/20*n**5 + 0*n**2 + n + 0 - 1/2*n**3 + 5/12*n**4. What are the prime factors of g(2)?
2, 3
Suppose z = 6*z - 40. Suppose 3*h - 6*h = 12. Let d = z - h. What are the prime factors of d?
2, 3
Suppose -5*f = -h + 2, -3*f = -5*h + 2 + 8. Suppose 0 = 5*i + 4*s - 138, -2*s + h = -2. List the prime factors of i.
2, 13
Let k = -121 - -174. Let p = -31 + k. List the prime factors of p.
2, 11
Let x be ((-3)/(-1))/1 - 1. Let o = -18 - -47. Suppose x*g + o = 3*u + g, u = 2*g + 13. List the prime factors of u.
3
Suppose 4 = j + 2. Suppose -5 = -x - j. List the prime factors of x.
3
Let w(r) = -r**3 + 2*r**2 + 3*r - 2. Suppose -k + 5*c = 4*k + 10, 5*k + 2*c = 25. Let i be w(k). List the prime factors of 2*4*i/(-2).
2
Let u = -1 + -2. What are the prime factors of (14 + -2)/(-2 - u)?
2, 3
Let g(u) = u**2 - 7*u + 6. Let a(b) = -8*b + 1. Let j be a(-1). What are the prime factors of g(j)?
2, 3
Let b = -104 - -152. Suppose -3*g + b = -0. What are the prime factors of g?
2
Let z = 10 + -8. List the prime factors of z.
2
Let v = 39 + -14. List the prime factors of v.
5
Let n = 9 - 4. Let g(f) be the third derivative of f**4/12 + f**3 + 8*f**2. List the prime factors of g(n).
2
Let c = 18 - 37. Let x = c + 33. What are the prime factors of x?
2, 7
Let x = -11 + 21. Suppose x = 5*c - 10. Suppose c*g - 32 = -5*b, 2*b + 12 = -b. What are the prime factors of g?
13
Let f(g) = 7*g**2 + g + 18. What are the prime factors of f(-6)?
2, 3, 11
Let p(t) = 3*t + t**2 - 9*t - 6 - 1. What are the prime factors of p(8)?
3
Let c(a) = 2*a**2 - 1. What are the prime factors of c(-4)?
31
Let h = 27 - -96. What are the prime factors of h?
3, 41
Suppose 0 = 2*l - 8*l + 444. List the prime factors of l.
2, 37
Let x(f) = -2*f + 4. Let s = -18 + 13. What are the prime factors of x(s)?
2, 7
Let s(l) = l**2 - 4*l - 2. Let c be s(4). Let x be 4 - (6 - 3 - 3). Let z = x + c. List the prime factors of z.
2
Let j(w) = 3*w + 68. What are the prime factors of j(0)?
2, 17
Suppose 868 = 5*h - 4*z, -5*z + 334 = -2*h + 4*h. List the prime factors of h.
2, 43
Let o = -1 + -8. Let r = -47 + 34. Let t = o - r. What are the prime factors of t?
2
Suppose -59 = -2*l - q, -3*q + 5*q = -3*l + 90. List the prime factors of l.
2, 7
What are the prime factors of 0 - 3 - (-60)/2?
3
Let h be -2*2*(2 - 1). What are the prime factors of 8/(-32) + (-37)/h?
3
Suppose 9 = -2*k + 5*k. Let w = k + 0. Suppose -17 = -w*z + 1. List the prime factors of z.
2, 3
Suppose 2*f = -2*s + 66, f + 22 = s - 17. Suppose 5 = u + 2*c + 1, 2*c + s = 3*u. What are the prime factors of u?
2, 5
Suppose -2*l = -2*r - 6, 3*l + 2*r - 30 = -l. Suppose -3 = -3*t, -4*i + t = -0*t + 17. Let b = l + i. What are the prime factors of b?
2
What are the prime factors of (24/(-20) + 2)/(2/10)?
2
Let p(b) = -b - 8. Let j be p(-6). Let g(m) = m**2 - 2. Let h be g(3). Let v = j + h. List the prime factors of v.
5
Let i be 3/3*(1 - -6). Let o(z) be the second derivative of -z**5/20 + z**4/2 + 3*z**3/2 - 5*z**2 - 2*z. List the prime factors of o(i).
2
Let l(x) be the third derivative of x**5/30 + 7*x**4/24 + x**3 + x**2. What are the prime factors of l(-5)?
3, 7
Let g = -172 + 390. What are the prime factors of g?
2, 109
Suppose -5*t + 8 = 2*z, 4*z = -0*z - 3*t + 16. Let x be (-3 - -5) + -1 + z. Suppose -3*v + j = -x*v + 23, 5*v - 5*j = 20. What are the prime factors of v?
3
Let z = 5 - 1. Suppose -o = -z*o - 3*p, 2*o + 4*p = -10. Suppose o*q + 0 = 45. What are the prime factors of q?
3
Let n = -4 - -8. Suppose o = -n*o + 130. Suppose -3 = a + j, -a - 2*a = -4*j - o. What are the prime factors of a?
2
Let t = -6 - -2. Let q = t - -5. List the prime factors of (10 - 3) + (q - 1).
7
Suppose 4*y + 31 = -37. Let b = y - -50. Let w = 48 - b. List the prime factors of w.
3, 5
Let h(c) = -6*c**3 + 2*c**2 + c - 3. What are the prime factors of h(-2)?
3, 17
What are the prime factors of ((-138)/1 - -4)/(-2)?
67
Suppose -3*q - 20 = 2*q, 0 = -3*j + 5*q + 11. Let c be -14 - 2/3*j. List the prime factors of 1 + (-1 - (c - -2)).
2, 5
Suppose -3*u + 7 = 2*o, -5*o + 7 = -3*u + 42. Let a(z) = z**2 + z + 1. Let f(t) = 6*t**2 + 11*t. Let h(b) = u*a(b) - f(b). What are the prime factors of h(-6)?
5
Let v = 6 - 4. Suppose 4*r - 25 = -5*y + 7, y = 4. Suppose -v*m + 80 = 6*k - k, r*k = -5*m + 67. List the prime factors of k.
2, 7
Let m(q) = q**2 - q + 2. Let d be m(0). Let p be 93*(d + (-5)/3). Let y = p - 9. What are the prime factors of y?
2, 11
Suppose 87 - 237 = -5*p. Suppose -5*j + 105 - p = 0. List the prime factors of j + -2 + 2/1.
3, 5
List the prime factors of (-32)/(-48) + 754/3 + 0.
2, 3, 7
Let m(v) = -8*v - 6. What are the prime factors of m(-6)?
2, 3, 7
Let x(a) = 3*a**2 - 2*a**3 + 2*a + 1 + 3*a**3 + a**2. List the prime factors of x(-3).
2
Let s(u) be the second derivative of u**4/12 - u**3/6 - 3*u**2 - 6*u. Suppose 0 = h + f + 4*f, 4*f + 19 = 3*h. What are the prime factors of s(h)?
2, 7
Let t(o) = -o**3 + 8*o**2 + 10*o - 7. Let w be t(9). Let f be (w + -4)*-2*10. Suppose -4*k + 4 = -f. List the prime factors of k.
11
Let s(b) = -b**3 - 2*b - 1. Let r be 9/6*(0 - -4). Let h be (-6)/(-4)*(-8)/r. What are the prime factors of s(h)?
11
Suppose -55 = -3*g - 5*p, 2*p + 2 = 3*p. Suppose -3*d - 2*d = -2*a + 15, 4*a + g = -5*d. List the prime factors of (-2 - d - -12)*1.
13
Let h = 82 + -21. List the prime factors of h.
61
Let f be 2/8 + (-11)/(-4). Suppose 0 = 3*t - 5*l - 19, 3*t = -4*l - 2 + f. Suppose 0 = t*i - 57 + 24. List the prime factors of i.
11
Let p(n) = n**2 - 5*n + 8. Let m be p(9). Let t = -18 + m. Let x = t - 13. List the prime factors of x.
13
Suppose 8*b - 1753 = 399. List the prime factors of b.
269
Let g be -72*(-3 - 21/(-12)). Suppose 0 = -5*i + 3*x + g + 47, 5*i = -x + 121. What are the prime factors of i?
5
List the prime factors of 21 - 1/2*0.
3, 7
Suppose 5*k = -o + 8, 2*k - 12 = 2*o - 4. What are the prime factors of ((-4)/6)/(k/(-39))?
13
Suppose -t + 26 = -22. List the prime factors of t.
2, 3
List the prime factors of 67 - 16/(8/(-2)).
71
Suppose -5*f + 4*s = -s + 15, f + 12 = -2*s. List the prime factors of (9 + 1)*(-9)/f.
3, 5
Suppose 6*k - 100 = k. Suppose 5*g = 2*g + 2*d + 14, 4*d + k = 4*g. Let s = 6 + g. What are the prime factors of s?
2, 5
Suppose -17*s + 15*s = -60. List the prime factors of s.
2, 3, 5
Let k = 7 + -5. Let i(b) = 2*b - 2. List the prime factors of i(k).
2
Suppose 3 = -7*c + 38. Suppose -62 = -c*a + 113. What are the prime factors of a?
5, 7
Let m be ((-7)/2)/(1/(-2)). Let k(g) = -g**3 + 8*g**2 - 8*g + 9. Let s be k(m). Suppose 2*n - 19 = -j, 0*j = n + s*j - 17. List the prime factors of n.
7
Let o(t) = -3 + 2 - 2 + 2*t**2. What are the prime factors of o(-2)?
5
Let m be 2/(-2)*(-8 - -8). Suppose m*r - 9 = 3*r. What are the prime factors of (-2)/r*(-9)/(-2)?
3
Suppose -3*d + 115 = 2*q - 41, 0 = 5*q + 2*d - 368. Suppose 0*s = 2*s - q. Suppose -2*j = 3*g - 16, -3*g + 6*j = 3*j - s. What are the prime factors of g?
2
Let l = 1 - -2. Suppose -4*d + d + 2*r + 32 = 0, l*r = 15. What are the prime factors of 35/d*2*1?
5
Let v = 17 + -4. Let r(b) = -b**3 + 12*b**2 + 16*b - 8. List the prime factors of r(v).
31
Let k = 190 + -49. List the prime factors of k.
3, 47
Suppose -4*t + 619 + 33 = 2*h, -4*h = 4*t - 660. What are the prime factors of t?
7, 23
Let m(w) = 2*w**2 + 4*w - 2. Let z be m(-4). Suppose -4 = -u - 2*x, 2*u = -x + 6 + z. What are the prime factors of u?
2, 3
Suppose -2*k = -46 - 14. List the prime factors of k.
2, 3, 5
Let j be (4/2)/((-4)/2). Let n = -1 + j. List the prime factors of ((-10)/4 - n)*-10.
5
Let t = 9 + -6. What are the prime factors of t?
3
Let p